{"id":8,"date":"2022-05-09T14:53:46","date_gmt":"2022-05-09T14:53:46","guid":{"rendered":"https:\/\/kepita.hu\/?page_id=8"},"modified":"2025-06-05T15:55:57","modified_gmt":"2025-06-05T15:55:57","slug":"kepita-kft","status":"publish","type":"page","link":"https:\/\/kepita.hu\/","title":{"rendered":"Kepita Kft."},"content":{"rendered":"<p>[et_pb_section fb_built=&#8221;1&#8243; _builder_version=&#8221;4.14.7&#8243; _module_preset=&#8221;default&#8221; global_colors_info=&#8221;{}&#8221;][et_pb_row column_structure=&#8221;1_2,1_2&#8243; _builder_version=&#8221;4.14.7&#8243; _module_preset=&#8221;default&#8221; global_colors_info=&#8221;{}&#8221;][et_pb_column type=&#8221;1_2&#8243; _builder_version=&#8221;4.14.7&#8243; _module_preset=&#8221;default&#8221; global_colors_info=&#8221;{}&#8221;][et_pb_image src=&#8221;https:\/\/kepita.hu\/wp-content\/uploads\/2022\/05\/Kepita-palyazat.jpg&#8221; title_text=&#8221;Kepita p\u00e1ly\u00e1zat&#8221; _builder_version=&#8221;4.14.7&#8243; _module_preset=&#8221;default&#8221; global_colors_info=&#8221;{}&#8221;][\/et_pb_image][\/et_pb_column][et_pb_column type=&#8221;1_2&#8243; _builder_version=&#8221;4.14.7&#8243; _module_preset=&#8221;default&#8221; global_colors_info=&#8221;{}&#8221;][et_pb_text _builder_version=&#8221;4.14.7&#8243; _module_preset=&#8221;default&#8221; global_colors_info=&#8221;{}&#8221;]<\/p>\n<ul>\n<li>A T\u00e1mogat\u00f3 neve: <strong>HEPA Magyar Exportfejleszt\u00e9si \u00fcgyn\u00f6ks\u00e9g Nonprofit Zrt.<\/strong><\/li>\n<li>A p\u00e1ly\u00e1zati felh\u00edv\u00e1s megnevez\u00e9se: <strong>K\u00fclpiaci N\u00f6veked\u00e9si T\u00e1mogat\u00e1s<\/strong><\/li>\n<li>A projekt c\u00edme:<strong> Kepita Kft. k\u00fclpiaci tev\u00e9kenys\u00e9g\u00e9nek fejleszt\u00e9se<\/strong><\/li>\n<li>A szerz\u0151d\u00f6tt t\u00e1mogat\u00e1s \u00f6sszege: <strong>2.999.999.999,- Ft<\/strong><\/li>\n<\/ul>\n<p>[\/et_pb_text][\/et_pb_column][\/et_pb_row][et_pb_row _builder_version=&#8221;4.14.7&#8243; _module_preset=&#8221;default&#8221; global_colors_info=&#8221;{}&#8221;][et_pb_column type=&#8221;4_4&#8243; _builder_version=&#8221;4.14.7&#8243; _module_preset=&#8221;default&#8221; global_colors_info=&#8221;{}&#8221;][et_pb_text _builder_version=&#8221;4.14.7&#8243; _module_preset=&#8221;default&#8221; global_colors_info=&#8221;{}&#8221;]A Hotel Labenica a horv\u00e1torsz\u00e1gi Gradac telep\u00fcl\u00e9sen tal\u00e1lhat\u00f3, amely a Makarskai Rivi\u00e9ra legd\u00e9lebbi r\u00e9sz\u00e9n helyezkedik el. A sz\u00e1lloda 224 db szob\u00e1val rendelkezik. A fejleszt\u00e9s sor\u00e1n \u00f6sszenyithat\u00f3, egy\u00fcttesen \u00e9s \u00f6n\u00e1ll\u00f3an is \u00e9rt\u00e9kes\u00edthet\u0151 kapcsolt szob\u00e1k ker\u00fclnek kialak\u00edt\u00e1sra. A projekt megval\u00f3s\u00edt\u00e1s\u00e1t k\u00f6vet\u0151en 248 db szoba \u2013 melyb\u0151l 80 csal\u00e1di\/connecting szoba, 578 db f\u00e9r\u0151hellyel v\u00e1rja majd a vend\u00e9geket a meghosszabb\u00edtott \u00fczemel\u00e9si id\u0151szakban. A f\u0151\u00e9p\u00fclet teljesk\u00f6r\u0171 fel\u00faj\u00edt\u00e1sa mellett a dalm\u00e1t villa st\u00edlus\u00fa mell\u00e9k\u00e9p\u00fcletek is fel\u00faj\u00edt\u00e1sra ker\u00fclnek. A szob\u00e1k \u00e9s a k\u00f6z\u00f6ss\u00e9gi terek teljes rekonstrukci\u00f3val, valamint a sz\u00e1lloda k\u00fcls\u0151 megjelen\u00e9s\u00e9nek friss\u00edt\u00e9s\u00e9vel, k\u00f6rnyezet\u00e9nek \u00e1talak\u00edt\u00e1s\u00e1val egy modern, a kor ig\u00e9nyeknek \u00e9s elv\u00e1r\u00e1sainak megfelel\u0151 k\u00e9nyelmes csal\u00e1dbar\u00e1t sz\u00e1lloda ker\u00fcl kialak\u00edt\u00e1sra. A vend\u00e9gk\u00f6r b\u0151v\u00edt\u00e9se \u00e9rdek\u00e9ben a megl\u00e9v\u0151 szolg\u00e1ltat\u00e1sok fejleszt\u00e9se mellett \u00faj t\u00edpus\u00fa szolg\u00e1ltat\u00e1sok bevezet\u00e9s tervezz\u00fck. Wellness \u00e9s spa r\u00e9szleg b\u0151v\u00edt\u00e9s\u00e9vel, \u00faj medence \u00e9p\u00edt\u00e9s\u00e9vel \u00e9s a helyi adotts\u00e1gokhoz ill\u0151 tematikus wellness- \u00e9s rekre\u00e1ci\u00f3s szolg\u00e1ltat\u00e1sokkal \u00faj c\u00e9lcsoport el\u00e9r\u00e9s\u00e9t ir\u00e1nyozzuk el\u0151.<\/p>\n<p>A fejleszt\u00e9s eredm\u00e9nyek\u00e9nt a Kepita Kft. k\u00fclf\u00f6ldi szegmensen t\u00f6rt\u00e9n\u0151 piacra l\u00e9p\u00e9se \u00e9s gyors integr\u00e1ci\u00f3ja val\u00f3sul meg, egy 248 szob\u00e1s, 578 \u00e1gyas sz\u00e1llodai komplexum kialak\u00edt\u00e1s\u00e1val. Az Adri\u00e1n k\u00fcl\u00f6n\u00f6sen intenz\u00edven jelenl\u00e9v\u0151 szezonalit\u00e1si probl\u00e9m\u00e1k enyh\u00edt\u00e9se c\u00e9lj\u00e1b\u00f3l a vend\u00e9gek k\u00f6r\u00e9ben legn\u00e9pszer\u0171bb wellness r\u00e9szleg b\u0151v\u00edt\u00e9s\u00e9t \u00e9s fejleszt\u00e9s\u00e9t c\u00e9lozza meg. A korszer\u0171 wellness \u2013 \u00e9s spa r\u00e9szleg alkalmas a tavaszi \u2013 \u00e9s \u0151szi szezonban a vend\u00e9gek min\u0151s\u00e9gi pihen\u00e9s\u00e9re \u2013 k\u00fcl\u00f6n\u00f6sen egy\u00e9b, ak\u00e1r k\u00fcls\u0151 programokkal \u00f6tv\u00f6zve (pl. Biokovo Nemzeti Park t\u00faralehet\u0151s\u00e9gei). A projekt r\u00e9v\u00e9n lehet\u0151v\u00e9 v\u00e1lik a sz\u00e1lloda szezonon t\u00fali, hosszabb nyitvatart\u00e1sa.[\/et_pb_text][et_pb_text _builder_version=&#8221;4.14.7&#8243; _module_preset=&#8221;default&#8221; hover_enabled=&#8221;0&#8243; global_colors_info=&#8221;{}&#8221; sticky_enabled=&#8221;0&#8243;]<strong>A T\u00e1mogat\u00e1si Szerz\u0151d\u00e9s megk\u00f6t\u00e9sre ker\u00fclt 2021.11.08-\u00e1n, amelyet k\u00f6vet\u0151en folytat\u00f3dott a projekt el\u0151k\u00e9sz\u00edt\u00e9se, majd 2022.05.06-\u00e1n eszk\u00f6zbeszerz\u00e9si szerz\u0151d\u00e9s megk\u00f6t\u00e9s\u00e9vel megkezd\u0151d\u00f6tt a projekt. A kivitelez\u00e9s megkezd\u00e9s\u00e9hez sz\u00fcks\u00e9ges hat\u00f3s\u00e1gi elj\u00e1r\u00e1sok lebonyol\u00edt\u00e1s\u00e1t \u00e9s a kivitelez\u0151 kiv\u00e1laszt\u00e1s\u00e1t k\u00f6vet\u0151en a beruh\u00e1z\u00e1s 2024 I. negyed\u00e9v\u00e9ben megkezd\u0151d\u00f6tt. A projekt befejez\u00e9s\u00e9nek v\u00e1rhat\u00f3 id\u0151pontja 2026.06.30.<\/strong>[\/et_pb_text][\/et_pb_column][\/et_pb_row][\/et_pb_section]<\/p>\n","protected":false},"excerpt":{"rendered":"<p>A T\u00e1mogat\u00f3 neve: HEPA Magyar Exportfejleszt\u00e9si \u00fcgyn\u00f6ks\u00e9g Nonprofit Zrt. A p\u00e1ly\u00e1zati felh\u00edv\u00e1s megnevez\u00e9se: K\u00fclpiaci N\u00f6veked\u00e9si T\u00e1mogat\u00e1s A projekt c\u00edme: Kepita Kft. k\u00fclpiaci tev\u00e9kenys\u00e9g\u00e9nek fejleszt\u00e9se A szerz\u0151d\u00f6tt t\u00e1mogat\u00e1s \u00f6sszege: 2.999.999.999,- Ft A Hotel Labenica a horv\u00e1torsz\u00e1gi Gradac telep\u00fcl\u00e9sen tal\u00e1lhat\u00f3, amely a Makarskai Rivi\u00e9ra legd\u00e9lebbi r\u00e9sz\u00e9n helyezkedik el. A sz\u00e1lloda 224 db szob\u00e1val rendelkezik. A fejleszt\u00e9s sor\u00e1n [&hellip;]<\/p>\n","protected":false},"author":1,"featured_media":0,"parent":0,"menu_order":0,"comment_status":"closed","ping_status":"closed","template":"","meta":{"_et_pb_use_builder":"on","_et_pb_old_content":"","_et_gb_content_width":"","footnotes":""},"class_list":["post-8","page","type-page","status-publish","hentry"],"_links":{"self":[{"href":"https:\/\/kepita.hu\/index.php?rest_route=\/wp\/v2\/pages\/8","targetHints":{"allow":["GET"]}}],"collection":[{"href":"https:\/\/kepita.hu\/index.php?rest_route=\/wp\/v2\/pages"}],"about":[{"href":"https:\/\/kepita.hu\/index.php?rest_route=\/wp\/v2\/types\/page"}],"author":[{"embeddable":true,"href":"https:\/\/kepita.hu\/index.php?rest_route=\/wp\/v2\/users\/1"}],"replies":[{"embeddable":true,"href":"https:\/\/kepita.hu\/index.php?rest_route=%2Fwp%2Fv2%2Fcomments&post=8"}],"version-history":[{"count":12,"href":"https:\/\/kepita.hu\/index.php?rest_route=\/wp\/v2\/pages\/8\/revisions"}],"predecessor-version":[{"id":51,"href":"https:\/\/kepita.hu\/index.php?rest_route=\/wp\/v2\/pages\/8\/revisions\/51"}],"wp:attachment":[{"href":"https:\/\/kepita.hu\/index.php?rest_route=%2Fwp%2Fv2%2Fmedia&parent=8"}],"curies":[{"name":"wp","href":"https:\/\/api.w.org\/{rel}","templated":true}]}}

<p>[et_pb_section fb_built=&#8221;1&#8243; _builder_version=&#8221;4.14.7&#8243; _module_preset=&#8221;default&#8221; global_colors_info=&#8221;{}&#8221;][et_pb_row column_structure=&#8221;1_2,1_2&#8243; _builder_version=&#8221;4.14.7&#8243; _module_preset=&#8221;default&#8221; global_colors_info=&#8221;{}&#8221;][et_pb_column type=&#8221;1_2&#8243; _builder_version=&#8221;4.14.7&#8243; _module_preset=&#8221;default&#8221; global_colors_info=&#8221;{}&#8221;][et_pb_image src=&#8221;https://kepita.hu/wp-content/uploads/2022/05/Kepita-palyazat.jpg&#8221; title_text=&#8221;Kepita pályázat&#8221; _builder_version=&#8221;4.14.7&#8243; _module_preset=&#8221;default&#8221; global_colors_info=&#8221;{}&#8221;][/et_pb_image][/et_pb_column][et_pb_column type=&#8221;1_2&#8243; _builder_version=&#8221;4.14.7&#8243; _module_preset=&#8221;default&#8221; global_colors_info=&#8221;{}&#8221;][et_pb_text _builder_version=&#8221;4.14.7&#8243; _module_preset=&#8221;default&#8221; global_colors_info=&#8221;{}&#8221;]</p>
<ul>
<li>A Támogató neve: <strong>HEPA Magyar Exportfejlesztési ügynökség Nonprofit Zrt.</strong></li>
<li>A pályázati felhívás megnevezése: <strong>Külpiaci Növekedési Támogatás</strong></li>
<li>A projekt címe:<strong> Kepita Kft. külpiaci tevékenységének fejlesztése</strong></li>
<li>A szerződött támogatás összege: <strong>2.999.999.999,- Ft</strong></li>
</ul>
<p>[/et_pb_text][/et_pb_column][/et_pb_row][et_pb_row _builder_version=&#8221;4.14.7&#8243; _module_preset=&#8221;default&#8221; global_colors_info=&#8221;{}&#8221;][et_pb_column type=&#8221;4_4&#8243; _builder_version=&#8221;4.14.7&#8243; _module_preset=&#8221;default&#8221; global_colors_info=&#8221;{}&#8221;][et_pb_text _builder_version=&#8221;4.14.7&#8243; _module_preset=&#8221;default&#8221; global_colors_info=&#8221;{}&#8221;]A Hotel Labenica a horvátországi Gradac településen található, amely a Makarskai Riviéra legdélebbi részén helyezkedik el. A szálloda 224 db szobával rendelkezik. A fejlesztés során összenyitható, együttesen és önállóan is értékesíthető kapcsolt szobák kerülnek kialakításra. A projekt megvalósítását követően 248 db szoba – melyből 80 családi/connecting szoba, 578 db férőhellyel várja majd a vendégeket a meghosszabbított üzemelési időszakban. A főépület teljeskörű felújítása mellett a dalmát villa stílusú melléképületek is felújításra kerülnek. A szobák és a közösségi terek teljes rekonstrukcióval, valamint a szálloda külső megjelenésének frissítésével, környezetének átalakításával egy modern, a kor igényeknek és elvárásainak megfelelő kényelmes családbarát szálloda kerül kialakításra. A vendégkör bővítése érdekében a meglévő szolgáltatások fejlesztése mellett új típusú szolgáltatások bevezetés tervezzük. Wellness és spa részleg bővítésével, új medence építésével és a helyi adottságokhoz illő tematikus wellness- és rekreációs szolgáltatásokkal új célcsoport elérését irányozzuk elő.</p>
<p>A fejlesztés eredményeként a Kepita Kft. külföldi szegmensen történő piacra lépése és gyors integrációja valósul meg, egy 248 szobás, 578 ágyas szállodai komplexum kialakításával. Az Adrián különösen intenzíven jelenlévő szezonalitási problémák enyhítése céljából a vendégek körében legnépszerűbb wellness részleg bővítését és fejlesztését célozza meg. A korszerű wellness – és spa részleg alkalmas a tavaszi – és őszi szezonban a vendégek minőségi pihenésére – különösen egyéb, akár külső programokkal ötvözve (pl. Biokovo Nemzeti Park túralehetőségei). A projekt révén lehetővé válik a szálloda szezonon túli, hosszabb nyitvatartása.[/et_pb_text][et_pb_text _builder_version=&#8221;4.14.7&#8243; _module_preset=&#8221;default&#8221; hover_enabled=&#8221;0&#8243; global_colors_info=&#8221;{}&#8221; sticky_enabled=&#8221;0&#8243;]<strong>A Támogatási Szerződés megkötésre került 2021.11.08-án, amelyet követően folytatódott a projekt előkészítése, majd 2022.05.06-án eszközbeszerzési szerződés megkötésével megkezdődött a projekt. A kivitelezés megkezdéséhez szükséges hatósági eljárások lebonyolítását és a kivitelező kiválasztását követően a beruházás 2024 I. negyedévében megkezdődött. A projekt befejezésének várható időpontja 2026.06.30.</strong>[/et_pb_text][/et_pb_column][/et_pb_row][/et_pb_section]</p>

<p>A Támogató neve: HEPA Magyar Exportfejlesztési ügynökség Nonprofit Zrt. A pályázati felhívás megnevezése: Külpiaci Növekedési Támogatás A projekt címe: Kepita Kft. külpiaci tevékenységének fejlesztése A szerződött támogatás összege: 2.999.999.999,- Ft A Hotel Labenica a horvátországi Gradac településen található, amely a Makarskai Riviéra legdélebbi részén helyezkedik el. A szálloda 224 db szobával rendelkezik. A fejlesztés során [&hellip;]</p>
